at is the highest common divisor of 57 and a?
3
Suppose 6*y - 206 - 250 = 0. Let t = y + -74. Suppose -4*b + 275 = 5*n, t*b + 45 = -5*n + 180. What is the highest common factor of b and 175?
35
Let b = 376 - 368. Let g be b/84 + (-2004)/(-126). Let v be (16/(-6) + 0)*-66. Calculate the highest common divisor of v and g.
16
Suppose 53*r - 1121 = -63*r + 1663. Calculate the highest common factor of 2168 and r.
8
Suppose 3*l - 21 = 0, 0 = 4*q + 5*l - 25596 - 7087. What is the greatest common factor of q and 154?
154
Suppose 22*s + 18*s + 12*s = 9880. Calculate the highest common factor of s and 130.
10
Let i be 0*6/(-12) - 246*-1. Suppose 0 = -3*q - 102 + i. Calculate the greatest common factor of q and 240.
48
Let w(q) = -q**2 + 66*q - 507. Let m be w(55). What is the highest common factor of m and 4?
2
Suppose 18 = 7*s - 3. Let k be s/(-12) + 725/20. What is the greatest common factor of k and 30?
6
Let l(k) = 71777*k**2 - 9*k - 7. Let v be l(-1). Calculate the highest common divisor of v and 179.
179
Let r be (147/(-28))/(1*(-6)/8). Suppose r*a = 1054 + 220. Calculate the greatest common factor of a and 26.
26
Suppose -11*d + 10*d + 181 = -2*f, 2*d - 5*f = 365. What is the highest common divisor of d and 625?
25
Let n(t) = 2*t**2 + 3*t - 4. Let p be n(-3). Let f = p - -3. Suppose -4*z = -2*w - 3 + 47, -2*w - z = -39. What is the greatest common divisor of w and f?
4
Suppose -11*s - s + 88200 = 0. What is the greatest common factor of s and 168?
42
Let c(a) = -8*a - 332. Let f be c(-62). What is the greatest common factor of 4100 and f?
164
Let l(q) = q + 126. Let k be l(0). Let o = 2249 - 3236. Let h be ((-6)/(-15))/(o/(-245) - 4). What is the highest common factor of k and h?
14
Let w be (40886/78 - 522/(-3393)) + 4/6. Calculate the greatest common divisor of w and 690.
15
Suppose -27*t = 151 - 1312. Calculate the highest common divisor of t and 172.
43
Let p(x) = 61*x**2 - 26*x - 12*x + 758 - 2*x**3 - 637 + 4*x. Let c be p(30). Let a be (-1)/(0 - (-1)/(-2)). Calculate the greatest common factor of c and a.
1
Suppose 6*f - 8500 - 11366 = 0. What is the highest common factor of 43 and f?
43
Let z be -1 - -411 - (4 + -2). Let v(d) = 318*d - 3426. Let o be v(11). What is the highest common factor of o and z?
24
Suppose 5*u = 2*s - 19, 0*s + 5*s - 10 = 0. Let r be 17 - ((-18)/(-3) + u). Let b be (r - -4) + -5 + -5. What is the highest common factor of b and 8?
8
Suppose 2*r = 5*u + 37, -5*u = 7*r - 10*r + 53. Calculate the highest common divisor of 33 and r.
1
Let u = 17821 - 17807. Calculate the greatest common divisor of 2198 and u.
14
Let x(o) = -15*o + 609. Let b be x(28). Calculate the highest common factor of b and 2394.
63
Let h = -486 + 512. Let p = 161 - h. Calculate the highest common divisor of 15 and p.
15
Suppose 0 = 5*w - 46 + 1. Suppose 2*a - w + 3 = 0. Suppose -a*j = 5*y - j - 129, -4*j - 117 = -5*y. What is the highest common divisor of y and 200?
25
Suppose s + 2*a = -563 + 588, -3*s - 3*a + 90 = 0. Calculate the greatest common divisor of s and 371.
7
Let g = 178 + -230. Let p be 6 + 320/g + 2290/13. Calculate the highest common divisor of p and 22.
22
Let n be 18/4 + 1/(-2). Suppose n*i + 24 = -20. Let a(c) = -3*c - 13. Let z be a(i). What is the greatest common factor of z and 40?
20
Let q(t) = t + 5. Let f be q(-4). Let s(u) = -407*u + 8168. Let b be s(20). Calculate the greatest common divisor of b and f.
1
Suppose -3*a = 4*c - 365, -5*c - 2*a + 500 = -7*a. What is the highest common factor of c and 418?
19
Let s = 32 - 43. Let a = s + 11. Let k = a - -48. Calculate the greatest common divisor of 6 and k.
6
Suppose -25*n + 44*n = -12*n + 67425. Calculate the highest common divisor of 195 and n.
15
Suppose 663 = 6*i + 2931. Let g = -359 - i. What is the highest common factor of g and 209?
19
Let a be 126 + 33*2/3. What is the highest common divisor of a and 703?
37
Suppose -5*m = 2*p - 854, -549*m - 4*p - 842 = -554*m. What is the highest common divisor of 1394 and m?
34
Suppose -77*k = -63*k - 252. Suppose -k*f + 27 + 27 = 0. Let j = 55 + -22. What is the highest common factor of j and f?
3
Let n be (-1989)/(-36) + -11 + 43/4. What is the highest common factor of n and 785?
5
Suppose 0*w - 5*p = -2*w + 7666, 0 = -5*w - 5*p + 19235. Suppose 5*x + 0*x = -b + w, 3*x + b - 2307 = 0. What is the highest common divisor of x and 16?
16
Suppose 141*o = 93*o + 50400. Calculate the highest common divisor of 1200 and o.
150
Let l(o) = -659*o + 2684. Let t be l(4). What is the greatest common factor of 21 and t?
3
Let l be (-32)/72 + 26546/234 - 5*1. Let x = 148 + -62. Let i = l - x. What is the greatest common divisor of 33 and i?
11
Let x(u) = -5*u**3 - 34*u**2 - 10*u - 14. Let s be x(-7). Calculate the greatest common divisor of s and 15.
15
Suppose 0 = -5*u - u + 78. Let x = 43 - u. Let o be 1 - -3 - (-7)/14*x. What is the greatest common divisor of 38 and o?
19
Let o be 28/(-21)*3/(-2). Suppose -w = -20 - o. Suppose -2400 = 26*i - 6976. What is the highest common divisor of w and i?
22
Suppose 2*j - 34*j + 113828 = 20*j. Calculate the highest common factor of j and 99.
11
Suppose -2*m + 103536 = 2*o, 31*m + 207081 = 35*m + 5*o. Calculate the highest common factor of 71 and m.
71
Suppose 60 = 98*z - 95*z. Suppose z*q = 14*q + 234. What is the highest common divisor of 3 and q?
3
Let r = 2039 - 781. Calculate the greatest common factor of 102 and r.
34
Suppose -2085*z - 66780 = -2106*z. What is the highest common factor of z and 40?
20
Suppose -5*r = v - 184, 2*r - 5*v + 9*v = 88. Calculate the greatest common divisor of 45 and r.
9
Let t = 3367 + -3364. Calculate the highest common factor of t and 75.
3
Suppose 5*q + 2*z = 8*q - 2421, -6 = 2*z. Suppose -21*k + 14*k = -q. Calculate the highest common factor of k and 161.
23
Let r(q) = -q**2 - 4*q - 3. Let x = 25 + -31. Let t be r(x). Let j = t + 17. What is the highest common divisor of j and 24?
2
Suppose 6 = -u - f + 53, -f + 191 = 4*u. Suppose -4*m + 5*y = -1369, -5*y - 11 = m - 322. What is the greatest common factor of u and m?
48
Let w(p) = -25*p**3 + p**2 - 2*p + 2. Let a be w(-3). Calculate the greatest common factor of a and 12.
4
Let p(f) = 3*f**2 + 2*f - 10. Let c be p(3). Suppose 21*y + 92 = c*y. Suppose -z + 2*z - 184 = 0. Calculate the greatest common divisor of z and y.
46
Let w(o) = 3*o**3 - 3*o**2 + 7*o - 8. Let a be w(2). Suppose 291 + 15 = a*s. What is the highest common divisor of s and 34?
17
Let t be (-108)/(-90) + (879/6)/(25/30). What is the highest common factor of t and 4956?
177
Suppose 30*t - 52 - 278 = 0. Suppose t*m - 45 = 32. Calculate the greatest common divisor of 9 and m.
1
Let z = 8 + 14. Suppose m = -5*h + 59, 12*h = 15*h - m - 29. Calculate the highest common factor of z and h.
11
Let t(a) = -3*a + 17*a - a**2 + 0*a + 3 + 2. Let k be t(13). Suppose 95 = -25*h + 195. What is the greatest common factor of h and k?
2
Let g be (-2)/5 + 504/60. Suppose -x = n + 2 - g, -n = 3*x - 8. Let b be 12 - (-16)/(-20)*n. Calculate the highest common factor of b and 56.
8
Let c be -3 + 23582/9 + (-32)/144. Suppose 889 = -16*i + c. Calculate the greatest common divisor of i and 24.
12
Let o = 145 + -138. Let k be -36*(126/(-12))/o. Calculate the highest common factor of 72 and k.
18
Let l = 1235 - -40. What is the greatest common factor of 75 and l?
75
Suppose -9256 - 3322 = -18*w - 1094. What is the highest common divisor of w and 22?
22
Let t = 9130 - 6529. What is the highest common divisor of t and 17?
17
Suppose -60 = -12*w + 12. Let y be 21*w/36*5*2. Calculate the highest common divisor of 1120 and y.
35
Let j = 35 - -21. Suppose 0 = 3*w + 2*x - 38, 66 = 5*w - 2*x - 24. Calculate the greatest common divisor of j and w.
8
Let w be -3*8 + ((-48)/2)/8. Let x be (-2572)/(-24) + 2/(-12). Let q = w + x. Calculate the highest common divisor of q and 10.
10
Suppose a = -3*a + 272. Let y(q) = 3*q**2 - 23*q - 34. Let c be y(9). Suppose 5*n - 102 = c*n + u, 2*u = 0. What is the greatest common factor of n and a?
34
Let a be ((-682)/(-1705))/((-2)/(-915)). What is the highest common factor of a and 1769?
61
Let z(g) = g**3 + 5*g**2 + 3*g - 3. Let s be z(-2). Calculate the highest common factor of s and 267.
3
Suppose 0 = -346*w + 349*w + 12, -v + 2597 = w. Calculat